e value of (11 - 19) + (-6 - -1) + 3?
-10
Calculate -5 + 0 - (-1 + 1) - -1.
-4
What is the value of 3 + (5 - (-6 - -6 - -5))?
3
Calculate (4 + -10 - -13) + -1.
6
Evaluate 9 - (2 - (3 - 14)).
-4
What is the value of (1 - -4) + (7 - 10)?
2
Calculate -1 - (0 - (8 + -12)).
-5
What is -3 + (-4 - -4) - (1 + -2)?
-2
What is 4 + 5 + -3 + -7?
-1
Calculate 7 + -13 + 4 + 3.
1
What is the value of -4 - -1 - (-1 + -1)?
-1
What is the value of -5 + 13 + -6 + -2?
0
-3 - -8 - (-3 + 6)
2
-3 - -9 - (2 - (0 - 1))
3
Calculate -18 + 26 + 1 + -4.
5
Calculate (-63 - -54) + (7 - -1).
-1
-1 - (-18 - -11 - (-3 - 11))
-8
What is 0 + (0 + 3 + -6 - -7)?
4
Calculate (-22 - -24) + 4 + (4 - 17).
-7
What is the value of 0 + -9 + 21 + -4?
8
Calculate -2 + -1 + -3 + 8.
2
Calculate 2 + (0 - 2 - -3) - 1.
2
What is 67 + -57 + -3 + 0 + 1?
8
What is the value of 0 + -3 + -7 + (0 - -10)?
0
What is -5 + 3 - -15 - 8?
5
Evaluate 4 - (-3 - 1 - (8 + -11)).
5
What is 11 + -10 - (-1 + 2 + -1)?
1
-3 - -3 - (7 - 3)
-4
(14 - -2) + -23 + (1 - -1)
-5
Evaluate 1 - ((6 - 8) + -3 + 2).
4
What is the value of -1 + 2 + -5 - 1?
-5
Evaluate 4 + -6 - (-11 - -7).
2
1 + 2 + -2 + -2
-1
-1 - (3 - (4 + 5))
5
Calculate 2 + 3 + -49 + 54.
10
Calculate -2 + -3 - -6 - 4 - -3.
0
(4 - -3 - 7) + -6
-6
-3 + (8 - 11 - (-10 + 1))
3
Evaluate 1 - -2 - (-4 - -2).
5
What is the value of 12 + (-4 - 1 - 5 - -6)?
8
-2 - ((3 - 2) + -3 + 3)
-3
Calculate -6 + (11 - 10) + 1 + 2.
-2
What is -1 + -4 + 7 - 5?
-3
Calculate -2 + 0 + -1 - (-8 + 0).
5
What is the value of -1 - (-6 - -5 - (2 - 0))?
2
What is the value of -8 - (-4 - 2 - -1)?
-3
Evaluate (-5 - -1) + (-7 - -10).
-1
What is -1 - -2 - (-6 + 14) - -4?
-3
-13 - -26 - 1 - 9
3
What is the value of 1 + (-1 - 3) - (0 + 0)?
-3
Calculate (5 - (4 - -3)) + 8.
6
Evaluate 4 + (4 + -7 - -5) + -3.
3
Calculate 2 + (-1 - -3) + (1 - 9).
-4
What is 1 + -7 - (21 + -30)?
3
-1 - (1 + -5 + (71 - 72))
4
Evaluate 1 + (-6 - 3) + 3 + 1.
-4
-1 + 0 + (7 - 3) + -6
-3
Evaluate 4 - (-17 - -7 - -8).
6
Calculate 8 - (-16 + 5 + 5 - -9).
5
Evaluate -4 + 5 + (2 - 2).
1
Calculate -4 + 7 - (7 - 2 - -1).
-3
What is -5 + 3 + 3 + -5 - 1?
-5
Evaluate 6 + (3 - 4) - -2.
7
-12 + 11 - (1 + (1 - -1))
-4
Calculate 1 + 2 + 2 + -2 + -1.
2
Evaluate 7 + -2 - ((-2 - -4) + 0).
3
4 + 1 - (-1 - -5)
1
What is the value of (25 - (9 - -2)) + -15?
-1
Calculate -6 - (-1 + 0) - 0.
-5
What is 4 + -4 + 0 + (-1 - -5)?
4
(3 - 3) + 2 - -1
3
(2 - -2) + (-6 + 4 - 1)
1
Calculate (-6 - 0) + (14 - 8).
0
What is the value of 0 + 6 + (28 - 33)?
1
What is (0 - (-1 + -1)) + (8 - 5)?
5
Calculate 0 + (-2 - 2) - -8 - 2.
2
Evaluate -2 - -1 - (3 + -2 + -3).
1
What is the value of -1 - 9 - (77 - 91)?
4
What is the value of 0 + -2 + -2 + (28 - 19)?
5
What is the value of -43 + 50 + (1 - 10)?
-2
Calculate 3 + -2 + (3 - 2) + -4.
-2
-4 - -1 - (-67 + 58)
6
Calculate 10 + (-4 - 0) - 4 - 1.
1
Calculate -9 + 5 + 0 + 0 - -4.
0
What is the value of -8 + 18 + -11 - 4?
-5
Calculate (-7 - -4 - -1) + 10.
8
Calculate 2 - (-5 - (-6 + 2)).
3
4 + (-3 - (0 + 3))
-2
Calculate (17 - 9) + -15 + 4.
-3
Evaluate (6 - 3 - 5) + 4.
2
-3 + 0 + 2 + -10 + 10
-1
Evaluate -5 + 12 + 1 + -6.
2
Calculate 2 + (2 - (-4 - -10)).
-2
-6 - (1 + -7 + -1 + 4)
-3
Calculate -1 - (15 - 3 - (-1 - -5)).
-9
What is -1 + (6 - (4 + -2)) + -1?
2
What is (-5 - -3) + -1 + 4?
1
Calculate (-1 + -2 - (7 - 7)) + 4.
1
Calculate -6 - 7 - -6 - -5.
-2
What is 1 + ((-2 - 3) + -1 - -1)?
-4
What is 12 + -16 - (-2 - (0 + -2))?
-4
-5 + (-19 - -12 - -9)
-3
(0 - (-2 - 4)) + -6
0
What is 0 + 3 - (3 - 3 - -4)?
-1
What is the value of -1 - -1 - (-7 - -6)?
1
Calculate 6 + 12 + 0 + -10.
8
Evaluate (3 - 4) + (-7 - (-3 - 7)).
2
Calculate 0 + 6 - (-6 - -12).
0
7 + -2 - (8 - (5 - -1))
3
-1 + (1 - 2) - (-4 + 2)
0
3 + (-5 - -4) - (1 - 5)
6
-2 + 3 + -6 + 3 - -9
7
Evaluate 0 - (-9 + -6 + 20).
-5
Calculate -9 - (2 + 3 + (-8 - 1)).
-5
Calculate 6 + (0 - 5) - (3 - 7).
5
Calculate (18 + 0 - 13) + -7.
-2
What is 5 - 7 - -1 - 1?
-2
Calculate -3 - (-1 + -1 + -2 + 3).
-2
Calculate (-8 - -2) + 4 + -3.
-5
Calculate 0 + 2 + (1 - 3).
0
Evaluate -1 + 13 - (0 - -11).
1
Calculate 1 - -2 - (5 - 5 - -3).
0
What is the value of (-2 - (-7 + 2) - -1) + -7?
-3
What is 7 + 0 + (50 - 55)?
2
1 + -2 + (6 - 8)
-3
Evaluate -4 - -2 - (-5 + 7).
-4
What is the value of (10 - (7 + -6)) + -16?
-7
What is (0 - -6) + (5 - 3) + -6?
2
What is the value of 1 + 2 + (-10 - -5) + 3?
1
What is (1 - 2) + 2 + -5 - -6?
2
Calculate (-4 + 2 - -1) + (-2 - -1).
-2
What is the value of (-4 - -1) + 12 + -3 + -2?
4
What is the value of 1 + -2 + 1 + 12 + -5?
7
What is the value of -2 - (-3 + -4 + 1 + 2)?
2
What is the value of -11 + (-32 - -42 - (1 + 2))?
-4
What is 1 + (-9 - -5 - 1)?
-4
Calculate 2 - (5 + -2 - (-3 - -2)).
-2
-9 - -7 - (6 + -8 - -2)
-2
What is 3 + -6 + (0 - 1 - 5)?
-9
Calculate (-2 - 0 - 4) + 4 - -5.
3
What is the value of -3 - ((0 - 1) + -2 - -1)?
-1
Calculate (-11 + 4 - -2) + (0 - -3).
-2
-1 + (-5 + 6 - -9) + -7
2
What is the value of 10 + -1 + -9 + -5?
-5
Evaluate 7 - 3 - 8 - (-12 - -5).
3
What is 0 + 21 + 41 + -53?
9
What is -6 + (12 - 3) + -1?
2
What is 8 + (-24 - -7) - 2 - -4?
-7
Calculate 8 - (1 + 3) - (3 - 2).
3
What is (-12 - -10) + 0 + (1 - 1)?
-2
Calculate -7 - 0 - -10 - (5 + -4).
2
Evaluate -2 - (2 - (-2 - -1) - 7).
2
Evaluate 5 + (8 - 3) + -13.
-3
What is -21 + 12 + 9 - (1 + -1)?
0
Calculate -2 - -1 - -1 - 2.
-2
1 + (7 - 5 - (12 - 8))
-1
74 + -71 - (1 - -7)
-5
-1 - (1 + -11 + 13)
-4
Calculate (-17 - (-8 - 1)) + 12.
4
0 + -2 + -182 + 175
-9
Calculate 4 - (-3 + 6) - (-3 - -4).
0
Evaluate (-1 - -1) + (7 - -9) + -12.
4
What is -4 - (-5 + (6 + -6 - -4))?
-3
Calculate -6 + (-1 + 0 + 5 - 2).
-4
What is the value of 0 + 0 - 3 - (1 - 1)?
-3
Evaluate 5 + -17 - -8 - 0.
-4
What is 1 - 1 - 2 - (-14 - -16)?
-4
What is (1 - -1) + (20 - 30) + 14?
6
What is 2 - (2 - -2) - (5 - -1)?
-8
What is the value of 6 + (1 + (-4 - -3) - 2)?
4
What is 5 - (0 + 1 - -9)?
-5
15 + (8 - -3 - 22)
4
Calculate -6 + 10 + -4 - -2.
2
Evaluate -4 + 7 - (1 + (-4 - -12)).
-6
Evaluate (0 - 3 - -4) + -2 - 1.
-2
(-2 + -1 - -6) + (-4 - -1)
0
Calculate 34 - 41 - (2 + -1 - 5).
-3
What is -2 + 2 + 0 + 0?
0
What is the value of (-2 - -7) + -2 + -9?
-6
-3 + -4 - 1 - -4
-4
What is 6 + (-6 - -7) + -11?
-4
Evaluate 2 + (-12 - -9 - (-7 + 1)).
5
What is the value of (0 + 1 - -2) + -3?
0
-6 + (1 + 1 - 2)
-6
What is ((9 - 4) + 3 - 10) + 6?
4
Evaluate 4 - (-2 - -1 - (30 + -34)).
1
Calculate 8 + -13 + 5 + 3.
3
Calculate -5 + -1 + (9 - 6) + -2.
-5
Evaluate 3 + -1 + -1 - (-2 - 1).
4
Evaluate -3 + (8 - (0 + 8)).
-3
Calculate -9 + 19 - (5 - -11).
-6
What is the value of (-4 - (-3 + -11)) + -16?
-6
Calculate 1 - (-1 + 5) - (-143 - -142).
-2
What is the value of (-5 + 2 - (-1 + -3)) + -3?
-2
-1 + (-1 - (2 - 6))
2
What is the value of -4 - -7 - (-3 + 4 + 4)?
-2
What is -1 + 6 - 0 - 1?
4
What is 8 - (-22 + 10 + 13)?
7
Calculate 3 - 5 - (1 + -4).
1
What is 2 + 10 + (-1 - 6)?
5
What is the value of (-3 - -14) + -6 + 1 + -1?
5
What is the value of -1 - (2 - 0) - -4?
1
Evaluate 2 - (8 - (-3 + 8)).
-1
What is -1 + -2 + 4 + 2?
3
6 + (-1 - (-6 + (11 - 6)))
6
What is the value of 27 - 26 - (1 + (2 - 1))?
-1
Calculate -5 - (-4 - -2 - 0).
-3
What is the value of 1 + 1 + -1 + 7 + -7?
1
Calculate 8 + (8 - 3 - -3 - 10).
6
1 - 2 - -1 - (-22 - -25)
-3
Evaluate -5 + 7 - -6 - 11.
-3
Calculate -11 - (8 + 5 + -15).
-9
What is 5 + (-7 - -8) + -1?
5
What is the value of (-2 - 0) + (14 - (21 - 6))?
-3
What is the value of 17 + -10 - (12 + -1 + 2)?
-6
What is the value of 3 - -2 - (-2 - -3 - 1)?
5
What is 6 + (-3 - (4 - 2) - 0)?
1
What is 2 + (-6 - -3 - -3)?
2
Calculate -2 + 0 - -3 - (1 - -2).
-2
Evaluate (-7 - 3) + 8 - 0.
-2
Evaluate 11 - 4 - (0 - -13).
-6
Calculate 0 + -5 + 1 + (49 - 51).
-6
Calculate (3 + -1 - 3) + 2.
1
What is -1 + (1 - (-1 + 3))?
-2
(-2 - (-13 - -1)) + 4 - 8
6
What is 2 + -4 + -1 + -2?
-5
What is the value of -1 - (3 + -2) - 0?
-2
Calculate -5 + (1 + 0 - -12) + -7.
1
Calculate (3 + -2 - 10) + (1 - 1).
-9
What is the value of 1 + 2 + -6 + -196 + 190?
-9
What is 1 + 0 + (7 - (-8 + 17))?
-1
What is the value of 0 + (-11 - -13) + (2 - 2)?
2
What is the value of 3 + 5 - (5 + 2)?
1
Calculate 0 - 6 - (-14 + (-16 - -21)).
3
What is the value of -3 + 8 + (-2 - 0) - 7?
-4
Evaluate -1 + -3 + -2 - (41 + -40).
-7
-1 - (2 + 1 + (3 - 4))